isor of 805 and 172717580?
805
What is the greatest common divisor of 23868 and 149396?
884
Calculate the greatest common divisor of 29 and 10552.
1
Calculate the highest common factor of 1244876 and 29716.
68
What is the greatest common factor of 14169067 and 72980?
3649
Calculate the greatest common divisor of 608537 and 28993.
79
Calculate the highest common factor of 2665260 and 315972.
2412
Calculate the highest common factor of 6 and 72484287.
3
What is the greatest common divisor of 68248 and 93273464?
3592
Calculate the highest common divisor of 228437090 and 38960.
4870
What is the greatest common divisor of 6864 and 48516?
156
Calculate the highest common divisor of 1547817 and 696.
87
What is the greatest common factor of 481 and 20056777?
13
What is the highest common divisor of 8476116 and 9420?
1884
What is the highest common factor of 286 and 3684382?
26
What is the greatest common factor of 173 and 1385226743?
173
What is the highest common divisor of 4 and 37842724?
4
Calculate the highest common divisor of 243522 and 906858.
1494
Calculate the greatest common divisor of 765 and 178233015.
255
Calculate the highest common factor of 1340556 and 1876.
28
Calculate the greatest common divisor of 92792663 and 236.
59
What is the greatest common factor of 940107 and 259?
7
Calculate the highest common divisor of 456896 and 316052.
484
Calculate the greatest common divisor of 40804737 and 1311.
69
What is the highest common divisor of 550091 and 34339?
23
Calculate the highest common factor of 606417760 and 2080.
2080
Calculate the highest common divisor of 385181 and 2346.
23
Calculate the greatest common divisor of 175 and 11996383.
7
What is the highest common factor of 18 and 7139838?
6
What is the highest common factor of 2424 and 267796248?
2424
Calculate the greatest common divisor of 69382188 and 1044.
36
What is the greatest common factor of 314054 and 43992?
1222
What is the greatest common factor of 58 and 727452994?
58
What is the highest common divisor of 263525 and 19425?
25
What is the highest common factor of 82 and 21077274?
2
Calculate the highest common factor of 21 and 13418751.
3
What is the highest common divisor of 596770174 and 4004?
2002
Calculate the greatest common divisor of 49460 and 15580.
20
Calculate the highest common divisor of 434004046 and 56.
14
Calculate the highest common factor of 5601836 and 9693.
359
What is the highest common factor of 251 and 20587271?
251
Calculate the highest common divisor of 86340 and 2190.
30
What is the greatest common factor of 125881999 and 5912?
739
What is the highest common factor of 633897476 and 1249?
1249
What is the highest common factor of 93684 and 3108?
444
What is the greatest common factor of 65936332 and 12804?
4268
Calculate the highest common factor of 1990125 and 2616525.
6525
Calculate the highest common divisor of 17660 and 11870.
10
Calculate the highest common divisor of 120168477 and 9.
9
Calculate the greatest common factor of 142757204 and 8.
4
Calculate the highest common factor of 606881627 and 44.
11
What is the highest common factor of 6346 and 15168821?
19
What is the greatest common divisor of 3983345 and 310?
155
Calculate the greatest common divisor of 394869 and 12255.
129
What is the highest common divisor of 1015372 and 42172?
3244
What is the greatest common factor of 19892 and 136068?
4
Calculate the highest common factor of 8891 and 1766171.
523
Calculate the highest common divisor of 24668448 and 1284.
12
What is the highest common factor of 24 and 17570004?
12
What is the highest common factor of 10600 and 27799825?
1325
Calculate the highest common divisor of 131415125 and 173.
173
What is the highest common divisor of 361258396 and 27220?
5444
What is the highest common divisor of 14942750 and 32250?
250
What is the greatest common factor of 324627 and 1931598?
1347
Calculate the highest common divisor of 761816 and 7870.
1574
Calculate the greatest common divisor of 25795719 and 69.
69
What is the highest common divisor of 181195 and 118904?
167
What is the highest common factor of 14124575 and 150?
25
What is the greatest common divisor of 48 and 66835248?
48
Calculate the highest common factor of 10864 and 45025848.
5432
What is the greatest common factor of 25584194 and 298?
298
What is the greatest common factor of 345553594 and 68?
34
What is the highest common factor of 26978680 and 10540?
620
What is the greatest common factor of 39 and 225473131?
13
Calculate the highest common divisor of 46368547 and 105003.
3889
What is the highest common divisor of 1500768 and 332424?
1944
What is the highest common factor of 198 and 1806750?
198
Calculate the highest common factor of 62241540 and 46980.
1740
What is the greatest common factor of 3576124 and 219?
73
Calculate the greatest common divisor of 239580 and 16610220.
1980
What is the highest common divisor of 1133 and 5466703?
11
What is the highest common factor of 1444211 and 1846?
71
What is the highest common divisor of 9812 and 1948653388?
9812
What is the highest common divisor of 17222 and 2888500?
218
What is the greatest common divisor of 18971 and 223992?
61
What is the greatest common factor of 63 and 55931958?
9
What is the highest common divisor of 18468933 and 294?
147
Calculate the greatest common factor of 8096 and 38866872.
2024
What is the greatest common factor of 91107873 and 1072?
67
What is the greatest common factor of 5226 and 311454?
78
What is the highest common divisor of 3261225 and 64119?
2211
What is the highest common factor of 218 and 578065368?
218
Calculate the highest common divisor of 201 and 722068447.
67
Calculate the greatest common divisor of 176 and 1007952.
176
Calculate the highest common divisor of 88832493 and 18094.
9047
Calculate the greatest common factor of 1052043 and 9490191.
5451
What is the highest common factor of 520 and 6412680?
40
Calculate the highest common factor of 2295 and 1057255.
5
Calculate the greatest common factor of 6979434 and 462.
462
Calculate the highest common factor of 30 and 399606.
6
Calculate the greatest common factor of 4938725 and 54175.
275
Calculate the greatest common divisor of 673176108 and 36.
12
What is the highest common divisor of 55042118 and 26?
2
Calculate the greatest common divisor of 5891568 and 240.
48
Calculate the greatest common factor of 21815295 and 595605.
10095
What is the greatest common factor of 199392 and 14070?
402
What is the greatest common divisor of 51951384 and 72?
72
Calculate the greatest common factor of 205374234 and 23838.
822
Calculate the highest common divisor of 285 and 24916524.
57
Calculate the highest common factor of 5568 and 5967552.
192
Calculate the highest common factor of 12309 and 2580041.
373
Calculate the highest common divisor of 24601396 and 348.
116
Calculate the highest common divisor of 3432 and 7061912.
1144
What is the greatest common divisor of 435640100 and 17475?
5825
Calculate the highest common divisor of 41954400 and 12600.
1800
Calculate the greatest common factor of 291690 and 4032.
126
Calculate the highest common divisor of 36422169 and 42.
21
What is the greatest common divisor of 1375 and 112948?
11
What is the highest common divisor of 25542664 and 728?
56
Calculate the greatest common divisor of 4389840 and 37674.
1638
What is the greatest common factor of 1339692 and 4584?
12
What is the greatest common factor of 2290 and 96199465?
1145
What is the highest common factor of 48 and 69104592?
48
What is the highest common divisor of 781934 and 36?
2
What is the greatest common divisor of 41 and 5079244?
41
Calculate the greatest common divisor of 98260 and 287740.
20
Calculate the highest common divisor of 3270 and 73785.
15
Calculate the highest common divisor of 8228 and 29032498.
4114
Calculate the greatest common divisor of 150173 and 544147.
263
Calculate the highest common divisor of 1661598224 and 3536.
3536
What is the highest common factor of 65880776 and 312?
104
What is the highest common divisor of 116654553 and 369?
369
Calculate the greatest common factor of 924674 and 22.
2
Calculate the greatest common divisor of 6747 and 184564704.
519
Calculate the highest common divisor of 12432615 and 12051.
40